 = j**3 + 43*j**2 + 192*j + 74. Calculate q(n).
-2
Let f(w) = -w**3 + 2*w**2 - 4*w + 2. Suppose -35 = 4*g + 5. Let d be (g/25)/(4/(-20)). Calculate f(d).
-6
Let i = -3141 + 3179. Let g(q) = 2*q**3 - 75*q**2 - 36*q - 59. What is g(i)?
17
Let v(n) = 18*n**2 + 7 + 15 + 653*n**3 - 320*n**3 - 334*n**3 - 19*n. What is v(17)?
-12
Let o(d) = 4*d - 3 + 3*d - 10*d + 6 + 8*d. Give o(6).
33
Let z be ((-36)/16*2)/(4/(-8)). Let a(g) = -9*g + 28*g**2 + 12 + z*g**2 - 36*g**2. Give a(7).
-2
Let p(q) be the first derivative of q**3/3 + 9*q**2 + 76*q + 225. What is p(-7)?
-1
Let v(m) = 39903*m + 212 - 79808*m + 39897*m. Give v(27).
-4
Let w(v) = 30 - 37*v + 12*v + 13 + 6*v + v**2 - 4. Calculate w(17).
5
Suppose 73 = -j + 3*z + 60, 0 = 2*z - 6. Let s(u) = u**3 + u**2 - u. Let x(n) = -4*n**3 - 7*n**2 + 4*n + 9. Let i(k) = -3*s(k) - x(k). Calculate i(j).
-5
Let r(t) = -69*t**2 + 22*t + 2. Let s(z) = 9*z**2 - 3*z - 1. Let m(x) = r(x) + 6*s(x). Determine m(2).
-56
Let r(y) be the second derivative of -y**4/12 + 53*y**3/6 - 49*y**2/2 - 4655*y + 2. What is r(52)?
3
Let g(t) = 3*t**2 + 2611*t + 1 - 7823*t + 2612*t + 2602*t. Suppose -z = -2*z + 2. Suppose 0 = 5*i + z + 3. Give g(i).
2
Let s = -91 - -96. Let i be (s/15)/(2*(-3)/(-126)). Let a(m) = m**2 - 6*m - 10. Determine a(i).
-3
Let g(s) = -88*s**2 + 92*s + 15. Let z(x) = 31*x**2 - 32*x - 5. Let a(q) = 6*g(q) + 17*z(q). Suppose -7 = h - 1. Let v = -2 - h. Give a(v).
21
Let h(v) be the second derivative of -v**4/4 - 14*v**3/3 - v**2 - 1747*v. Calculate h(-9).
7
Let v(k) be the second derivative of -k**3/2 - 15*k**2/2 + 1129*k. Calculate v(-2).
-9
Let h = 200 - 353. Let w = -147 - h. Let j(b) = 3*b - 8. Give j(w).
10
Let g(u) = 4*u**2 + 10*u - 18. Let i be (52/(-390))/(10/(-225)). What is g(i)?
48
Let h(x) = 14*x - 44. Suppose 3*n - 188 + 176 = -f, 0 = 7*f. Calculate h(n).
12
Let f(g) = -g**2 + 3*g + 19. Let o = 531 - 531. Give f(o).
19
Let l = 7 + -3. Let x(d) = 1 + 2*d + 0*d**3 - l*d**2 + 5*d**2 - 3*d + 3*d**3. Let g(c) = -3*c**2 + 14*c - 7. Let o be g(4). Give x(o).
4
Let v = 26607 - 26610. Let k(g) = 4*g**2 + 16*g + 2. What is k(v)?
-10
Suppose 650 = -81*j - 302 - 182. Let p(k) = 7*k + 118. Determine p(j).
20
Let b(y) = -14*y**2 + 6*y - 5. Let p(i) = 2*i**2 - i + 1. Let t(u) = b(u) + 6*p(u). Let a(o) = 9*o**2 - 4*o - 7. Let d(j) = -a(j) - 4*t(j). Calculate d(5).
-2
Let j = -223 + 237. Let p(c) = 1509*c**3 + 0*c - 11*c**2 - 1508*c**3 + j*c - 4*c**2 - 14. Determine p(14).
-14
Let g = -289 - -292. Let s(z) = -78*z + 3 + z**g + 47*z - 2*z**3 - 4*z**2 + 39*z. Give s(-5).
-12
Let i(m) = 5*m + 12. Let b(v) = -16*v - 37. Let k(o) = -o**2 + 12*o - 39. Let n be k(8). Let w(h) = n*i(h) - 2*b(h). Calculate w(-6).
8
Let a(o) be the first derivative of o**3/3 + o**2/2 + 44*o + 873. Calculate a(0).
44
Suppose 112 = 11*f - 7*f. Let x(d) = -1 + f*d**2 + 27*d**2 - 54*d**2. Let r(j) = -j**3 + 13*j**2 - 5*j - 7. Let n(s) = r(s) - 5*x(s). Calculate n(7).
12
Let j(w) = 7*w + 90. Let t = 15131 - 15152. What is j(t)?
-57
Let q(l) be the third derivative of l**4/12 + l**3/6 + 1181*l**2. Give q(0).
1
Let j(p) = p + 4. Suppose -s - 1 = -6. Suppose -2*r + 210 = s*r. Suppose 18*o = 13*o - r. Determine j(o).
-2
Let l(f) = -f - 9. Let x be l(-9). Let s(u) = 19*u**3 - 1 - 11*u**3 - 7*u**3 - 2*u - u**2 + 4. Calculate s(x).
3
Let z(t) = -6*t + 1. Let g be 160/24*(1/(-10))/((-74)/555). Determine z(g).
-29
Let y(c) = -c**3 - 7*c**2 + 11*c + 10. Let f(v) = -3*v - 4. Let a be f(-2). Let i be 3/(a/4 + -2). Let o be 2/((-4)/(-3)) - (-19)/i. Calculate y(o).
-14
Let p(q) = 7*q + 2*q + 169578 + q**2 - 339341 + 169688. Calculate p(-14).
-5
Suppose 0 = w + 4*w, 5*y - 5*w + 30 = 0. Let t(z) = 2 + 0 + 1 - 3*z. Give t(y).
21
Let i = -7 + 4. Let l(p) = -187*p**2 - 49*p - 54. Let s(x) = 28*x**2 + 7*x + 8. Let t(q) = 3*l(q) + 20*s(q). Determine t(i).
10
Suppose -6 + 24 = 3*n. Let x(t) = -27*t**2 + 14*t - 358. Let j(f) = -16*f**2 + 7*f - 215. Let r(q) = -5*j(q) + 3*x(q). Determine r(n).
7
Let v(t) = -t**3 + t**2 + 157*t + 7. Suppose -6*l + 24 = 44 + 52. Determine v(l).
-5
Let v(o) = -3*o + 4. Let w(t) = -3*t + 4. Let b(k) = 3*v(k) - 4*w(k). Let d(r) = -r**2 - 3*r + 6. Let s(u) = 3*b(u) + 2*d(u). Calculate s(3).
-9
Let h(u) = -23*u + 139. Let q(d) = 23*d - 177. Let k(t) = 4*h(t) + 3*q(t). Determine k(1).
2
Let j be (3/(-9)*-3)/(-20 + 21). Let f(i) = -3*i**2 + 2*i**2 + 4*i - j - 2. Let s be (-5)/(-2) - (-1)/(-2). Give f(s).
1
Let x(w) be the first derivative of -w**4/12 - w**3/6 - w**2/2 + 3*w + 74. Let c(g) be the second derivative of x(g). Give c(4).
-9
Let t(o) = -4*o**3 + 3*o**2 + 23*o - 9. Let f = 254 - 252. Let h(p) = p**3 - p**2 - 5*p + 2. Let a(z) = f*t(z) + 9*h(z). Let c = -2 - -4. What is a(c)?
-2
Let u(m) = -3. Suppose 2*c = -3*x + 3*c + 6, -x = -3*c - 10. Let y(j) = -j + 3. Let q(w) = x*u(w) + y(w). Determine q(4).
-4
Let l be -3 - (5 + 10)/(-3). Let h be l/11 - 21998/(-374). Let d(r) = -r**3 + h - 2*r**2 + r + 2*r**3 - 58. Calculate d(3).
13
Let s(p) = -495*p + 2971. Let r be s(6). Let a(z) = 6*z**2 + 36*z - 37. What is a(r)?
5
Let w(g) = -g**3 - 6*g**2 - 4*g. Let x be w(-8). Let s = -158 + x. Let j(z) = -z - 2. Determine j(s).
-4
Let g be 7 + (56 - 53 - (1 - -18)). Let u(h) = h**3 + 10*h**2 + 13*h + 22. Calculate u(g).
-14
Suppose 2*b + 8*l = 5*l + 23, b + l - 9 = 0. Suppose 0*f - b = f + 3*u, 2*f + 4*u = 0. Suppose -f = x - 3. Let h(c) = c**3 + 4*c**2 - 5*c + 5. What is h(x)?
5
Suppose 0 = -12*j - 54 - 66. Let g be 1/(-5)*(5 + j). Let w(k) = 3 - 1 + g + k + 1. What is w(-7)?
-3
Let u = -11834 - -11832. Let q(h) = -27*h**2 + 7*h + 3. Determine q(u).
-119
Let o(z) be the third derivative of -23*z**2 - 5/12*z**4 + 2 - 2/3*z**3 + 1/60*z**5 + 0*z. Give o(6).
-28
Let w(r) = -311 + 9*r - 5*r + 275. Determine w(10).
4
Let t(h) = -4*h + 4*h - 12*h + 33 - 11 - 2*h. Let w(m) = -5*m + 8. Let j(x) = 4*t(x) - 11*w(x). What is j(-3)?
3
Let s(t) = 2*t**2 - 2*t - 97. Let a(f) = -2*f**2 - 16. Let j(d) = 6*a(d) - s(d). Determine j(-1).
-15
Let z be (-63)/(21 - 14) - 6. Let b(r) = -r**2 - 14*r + 10. Give b(z).
-5
Let n(m) = -6*m + 145. Suppose 0 = 6*y + 5*y + 6*y - 391. What is n(y)?
7
Let m(f) = f**3 - 4*f**2 - 20*f + 52. Let i be m(-4). Let o(j) be the second derivative of -4*j**2 + 0 + 8*j - 2/3*j**3 + 1/12*j**i. What is o(6)?
4
Let t(m) be the third derivative of m**4/8 - m**2. Let k be ((-19)/2)/(5/((-50)/5)). Suppose 24*y - 20 = k*y. Give t(y).
12
Let m(l) = l**2 - 19*l + 3. Let i(u) = u**3 + 11*u**2 - 353*u - 60. Let t be i(-25). What is m(t)?
-57
Let h(p) = -2*p - 11*p + 44 + 5*p. Let m be h(6). Let u(z) be the second derivative of -z**4/12 - z**3/3 + 3*z**2/2 + z. Give u(m).
-5
Let y(l) be the first derivative of 13*l**2/2 + 91*l - 548. What is y(-7)?
0
Suppose -w = h - 18, -4*w - 14 - 42 = -4*h. Let q(p) = -15 - 5*p + h*p + 6 + p**2 + 0*p**2. Give q(-9).
-27
Let w(r) = -r**2 - 13*r + 38. Suppose -27 = 3*j, 2144*j = -5*o + 2148*j + 51. Calculate w(o).
-10
Let k(d) = -d - 3*d + 22 - 19. Let r be (-2 - 3) + 0 + (-70)/(-2). Let x = r + -27. Give k(x).
-9
Let v(q) = q**2 + 9*q - 192. Let w be v(10). Let s(o) = -o**2 + 9*o + 14. Calculate s(w).
-8
Let d(j) = 3*j**3 - 13*j**2 - 18*j - 33. Let n(f) = 8*f**3 - 23*f**2 - 36*f - 69. Let q(l) = -5*d(l) + 2*n(l). Calculate q(-18).
27
Let b(k) = 41*k**2 - k + 36. Let p(z) = 49*z**2 + z + 37. Let s(q) = 6*b(q) - 5*p(q). Determine s(6).
1
Suppose 4*x = -2*x - 84. Let h(p) be the third derivative of p**5/60 + 2*p**4/3 + 8*p**3/3 - 592*p**2. Calculate h(x).
-12
Let a(w) = 6*w**2 - 3*w**2 + 2*w**3 - w**3 - 295*w + 598*w - 292*w - 9. Calculate a(-5).
-114
Suppose 33*r = 29*r + 84. Let u be -18*(-14)/r*-1. Let o(f) = f**3 + 12*f**2 - f - 14. What is o(u)?
-2
Let j(d) = d**2 - 6*d - 11. Suppose -14*l = -17*l + 9. Suppose -2*y + y + 11 = -3*n, 0 = -5*y - l*n + 1. Let z be (-31)/(-8)*y + (-6)/(-24). What is j(z)?
5
Suppose 5*d + 5*a - 75 = 0, -d + 3*a + 1 = 2. Let s = d - 6. Let q(g) be the second derivative of g**3/2 + 5*g**2/2 - 27549*g - 2. Calculate q(s).
20
Let c(d) = 3 + 0 - 3*d**3 + d - 15 + 2*d**3 + 10. What is c(0)?
-2
Suppose 33*c - 498 = 2*c - 52*c. Let u(r) = -r**2 + 9*r + 13. What is u(c)?
31
Suppose -19*l + 200 = l. Let z be (-2)/(-10) - (4 - 78/l). Let n(d) = 2*d**2 - d**2 - 4 + 2*d - 6*d. What is n(z)?
-4
Let h(l) = 